3 + 5*b**2 - 32*b - 27. Determine d(0).
-27
Let s(l) = 2*l**2 + 229*l + 8. What is s(0)?
8
Let t(h) = -126*h**2 - 12*h - 2. What is t(2)?
-530
Let d(a) = 297*a + 2729. Determine d(-10).
-241
Let n(c) = 3*c**2 + 80*c - 378. Calculate n(4).
-10
Let q(l) = -l**3 + 9*l**2 - 99. Determine q(11).
-341
Let k(z) = -27*z**3 + 13*z + 13. Calculate k(-1).
27
Let i(l) = -98*l**2 + 1147*l - 743. Determine i(11).
16
Let m(w) = -w**3 + w**2 + 19*w - 12. What is m(5)?
-17
Let k(r) = -99*r - 1885. Give k(-19).
-4
Let m(l) = -l**2 - 7*l + 25. What is m(4)?
-19
Let j(p) = 771*p - 22365. Determine j(29).
-6
Let l(a) = a**3 + 22*a**2 + 32*a + 34. Determine l(-20).
194
Let r(w) = 2*w**3 - 111*w**2 + 367*w - 145. Give r(52).
11
Let y(d) = -398*d + 5971. Calculate y(15).
1
Let b(x) = -x**3 + 8*x**2 + 11*x - 25. Give b(10).
-115
Let v(x) = -x**3 + 70*x**2 + 631*x + 59. What is v(-8)?
3
Let t(z) = -z**3 - 67*z**2 - 25*z - 1499. Determine t(-67).
176
Let k(n) = n**2 + 101*n + 1377. Calculate k(-16).
17
Let a(g) = -g**3 - 13*g**2 - 33*g + 60. What is a(-8)?
4
Let t(o) = o**3 - 29*o**2 - 106*o + 3091. What is t(29)?
17
Let d(g) = -2*g**3 - 10*g**2 - 58*g - 198. Give d(-4).
2
Let z(p) = -1174*p**2 + 34*p + 32. Give z(-1).
-1176
Let l(j) = -362*j + 4710. What is l(13)?
4
Let x(k) = -8*k - 158. Determine x(-13).
-54
Let x(n) = 181*n - 2206. Determine x(13).
147
Let q(x) = 72*x - 1514. Give q(23).
142
Let y(f) = 3*f**2 - 146*f + 45. What is y(48)?
-51
Let q(s) = -4*s**3 + 100*s**2 + 5*s + 136. Give q(25).
261
Let a(r) = 8*r**2 + 2*r. What is a(-1)?
6
Let p(r) = -r**3 + 22*r**2 + 93*r - 31. Determine p(-7).
739
Let y(o) = 7*o**2 + 8*o + 71. Calculate y(-4).
151
Let q(j) = -j**2 + 191*j - 2334. Calculate q(13).
-20
Let z(h) = 30*h - 8. Give z(3).
82
Let z(r) = 360*r - 11942. Calculate z(33).
-62
Let i(n) = 10*n**2 + 45*n - 25. What is i(-5)?
0
Let j(u) = u**2 + 154*u + 2542. What is j(-135)?
-23
Let h(t) = -5*t**2 + 3*t. Determine h(6).
-162
Let b(h) = 5*h**2 - 6*h - 117. Calculate b(-7).
170
Let i(x) = -48*x - 192. What is i(-7)?
144
Let b(a) = a**3 - 5*a**2 + 770*a - 4660. Calculate b(6).
-4
Let c(q) = 9*q - 246. Calculate c(28).
6
Let j(t) = -98*t - 1080. Determine j(-11).
-2
Let w(l) = 14*l + 768. What is w(-55)?
-2
Let a(j) = -3*j**3 + 35*j**2 - 27*j + 71. Determine a(11).
16
Let m(d) = 2*d**2 + 50*d + 244. Determine m(-14).
-64
Let l(d) = -2*d**3 + 23*d**2 - 7*d - 34. Give l(12).
-262
Let u(v) = 6*v**3 + 29*v**2 - 13*v + 9. Determine u(-5).
49
Let u(z) = -z**2 + 24*z + 849. Give u(38).
317
Let q(r) = -12695*r - 38058. Give q(-3).
27
Let o(g) = g**2 + 2*g + 8. Calculate o(-7).
43
Let u(j) = -474*j - 4239. Give u(-9).
27
Let f(g) = -34*g**3 + 7*g**2 - 6*g - 2. Calculate f(1).
-35
Let w(t) = -63*t**2 - 16*t + 1. Calculate w(-1).
-46
Let z(a) = -2*a**3 - 197*a**2 - 107*a - 874. Determine z(-98).
8
Let a(d) = 354*d + 354. What is a(-1)?
0
Let c(m) = -m**3 - 12*m**2 - 25*m - 54. Calculate c(-8).
-110
Let k(a) = 7*a**3 - 3*a**2 + 4. Determine k(2).
48
Let p(r) = r**3 + 3*r**2 + 35*r - 242. Calculate p(6).
292
Let h(v) = 116*v - 25. Calculate h(-1).
-141
Let f(l) = -114*l + 5027. Give f(44).
11
Let t(r) = 6*r**2 + 97*r + 201. Give t(-2).
31
Let c(n) = -18*n**2 + 75*n - 15. What is c(4)?
-3
Let j(v) = v**3 - 21*v**2 - 3*v + 42. Give j(21).
-21
Let q(r) = 41*r - 8. Calculate q(2).
74
Let s(a) = 2*a**2 - 215*a + 4668. Give s(30).
18
Let p(x) = -x**3 + 12*x**2 + 12*x + 30. Give p(11).
283
Let u(v) = -14*v + 755. Calculate u(54).
-1
Let n(r) = 1519*r + 12190. Give n(-8).
38
Let u(t) = 2*t**2 + t - 39. What is u(-7)?
52
Let y(b) = -b**3 + 11*b**2 + 14*b - 15. Give y(-2).
9
Let h(v) = v**2 + 109*v + 9. Give h(-109).
9
Let v(w) = 16*w**2 - 482*w + 331. Calculate v(29).
-191
Let b(k) = -113*k + 755. Give b(7).
-36
Let r(s) = 32*s - 156. What is r(8)?
100
Let z(i) = i**3 + 4*i**2 - 24*i - 96. What is z(-4)?
0
Let t(w) = 269*w + 9813. What is t(-36)?
129
Let q(n) = 617*n - 49355. Determine q(80).
5
Let b(g) = -31*g**2 + 157*g - 14. Calculate b(5).
-4
Let m(w) = w**2 + 25*w + 47. Give m(-22).
-19
Let p(c) = -c**3 + 6*c**2 - 19*c + 65. Calculate p(5).
-5
Let k(o) = 4*o**2 + 302*o - 26. Determine k(-76).
126
Let p(r) = 2*r**3 - 29*r**2 + 82*r + 17. Calculate p(9).
-136
Let v(w) = 3*w**3 + 16*w**2 - 32*w - 144. Give v(-6).
-24
Let c(v) = -v**3 + 37*v**2 - 233*v + 38. Calculate c(29).
9
Let f(w) = -276*w + 270. Calculate f(1).
-6
Let h(i) = 79*i**2 - 2*i + 2. Determine h(2).
314
Let n(v) = 6*v**3 + 4*v**2 - 13*v + 29. What is n(2)?
67
Let c(u) = -493*u + 4865. Calculate c(10).
-65
Let d(v) = -24*v + 437. Calculate d(18).
5
Let j(u) = 2*u**2 + 6*u + 14. What is j(-7)?
70
Let k(y) = 5*y**2 - 7*y + 5. What is k(5)?
95
Let v(i) = 1028*i - 7179. Give v(7).
17
Let t(g) = -14*g + 308. Determine t(22).
0
Let x(g) = 2*g**3 + 38*g**2 + 3*g + 37. Give x(-19).
-20
Let q(p) = 33*p - 1366. What is q(43)?
53
Let q(s) = s**2 - 30*s + 263. Give q(17).
42
Let m(r) = -3*r**2 + 6*r + 78. Calculate m(6).
6
Let b(u) = 71*u + 2531. Give b(-34).
117
Let s(a) = 6*a**3 + 264*a**2 + 10*a + 142. Calculate s(-44).
-298
Let c(r) = 131*r + 3006. What is c(-23)?
-7
Let o(w) = 3*w**2 - 448*w - 1838. Give o(-4).
2
Let d(f) = -39*f - 631. Calculate d(-17).
32
Let y(h) = -h**2 + 25*h - 156. Give y(7).
-30
Let b(l) = -7*l**2 + 370*l - 2775. Calculate b(9).
-12
Let k(p) = -5*p**2 + 100*p - 7. Determine k(20).
-7
Let t(z) = 2*z**2 - 292*z - 1199. Calculate t(-4).
1
Let a(l) = -1057*l + 11616. Calculate a(11).
-11
Let h(n) = -2*n**3 - 156*n**2 - 152*n + 148. Determine h(-77).
-6
Let k(n) = -4*n**2 + 15*n + 3. Determine k(3).
12
Let h(c) = -c**2 + 71*c - 1058. Calculate h(48).
46
Let o(r) = 70*r + 788. Give o(-10).
88
Let r(a) = -a**2 + 145*a - 2797. Determine r(122).
9
Let s(g) = 2*g**3 + 182*g**2 + 6. Calculate s(-91).
6
Let j(m) = -m**3 + 11*m**2 + 39*m - 178. Calculate j(3).
11
Let q(x) = -23*x**2 + 9*x + 41. Determine q(-4).
-363
Let m(x) = -65*x + 2039. Give m(20).
739
Let y(d) = -1331*d - 9290. What is y(-7)?
27
Let l(x) = x**2 + 19*x - 39. Give l(-4).
-99
Let r(m) = -m**3 + 24*m**2 - 65*m + 57. Calculate r(21).
15
Let v(u) = 13*u + 499. What is v(-26)?
161
Let h(q) = -28*q + 1746. What is h(62)?
10
Let u(d) = -d**2 + 30*d + 19. What is u(29)?
48
Let w(x) = -x**3 - 11*x**2 - 305*x - 2951. Calculate w(-10).
-1
Let h(p) = -p**2 + 161*p - 1121. Calculate h(7).
-43
Let d(t) = 482*t + 971. Determine d(-2).
7
Let x(n) = -463*n - 1851. What is x(-4)?
1
Let q(u) = -314*u + 11296. Calculate q(36).
-8
Let r(n) = n**2 + 12*n - 12. Calculate r(5).
73
Let r(v) = 4*v**2 + 13*v + 47. Give r(-3).
44
Let k(i) = 19*i + 91. Determine k(-6).
-23
Let c(r) = 79*r + 71. Calculate c(-3).
-166
Let c(s) = -74*s + 2432. Determine c(35).
-158
Let h(m) = m**2 - 21*m - 339. What is h(34)?
103
Let q(o) = 889*o**3 + 1. Determine q(-1).
-888
Let n(k) = -k**3 + 12*k**2 - 6*k + 248. Calculate n(13).
1
Let x(g) = 72*g + 506. Determine x(-7).
2
Let i(d) = d**3 - 10*d**2 + 2*d + 19. Determine i(10).
39
Let m(r) = r**2 + 42*r + 70. What is m(-40)?
-10
Let w(m) = 142*m - 794. Calculate w(5).
-84
Let r(t) = 3*t**3 + 81*t**2 - 172*t + 180. Give r(-29).
122
Let d(n) = -35*n**3 + 8*n**2 - 6*n + 3. Give d(1).
-30
Let l(a) = 10*a**2 - 117*a + 210. Determine l(9).
-33
Let c(f) = -10*f**3 - 214*f + 215. Determine c(1).
-9
Let o(y) = -y - 31. Calculate o(7).
-38
Let c(z) = -16*z - 102. Give c(-6).
-6
Let c(b) = -88*b + 3178. What is c(36)?
10
Let s(p) = 36*p**2 + 2*p - 6. What is s(2)?
142
Let d(b) = -10*b**2 + 32*b - 8. Calculate d(3).
-2
Let u(h) = -8*h**2 + 87*h - 127. Give u(9).
8
Let b(f) = 11*f**2 + 721*f + 388. What is b(-65)?
-2
Let p(o) = o**3 + 17*o**2 + 58*o - 34. What is p(-12)?
-10
Let y(s) = s**2 + 22*s + 12. Give y(-13).
-105
Let u(i) = -2399*i - 28784. Give u(-12).
4
Let b(w) = 4*w**2 + 78*w + 39. What is b(-19)?
1
Let d(p) = -p**3 - 15*p**2 - 68*p + 3. Give d(-5).
93
Let l(k) = 2*k**3 - 132*k**2 + 127*k + 199. What is l(65)?
4
Let x(y) = -9*y**2 + 58*y + 169. Calculate x(7).
134
Let t(h) = 22*h**2 - 197*h + 33. What is t(9)?
42
Let s(w) = -w**2 - 12*w + 195. Calculate s(-23).
-58
Let z(m) = -m**2 - 1003*m - 28237. What is z(-29)?
9
Let m(u) = -3*u**3 + 13*u**2 + 9*u - 46. Determine m(6).
-172
Let l(g) = -4598*g**2 - 36784*g + 5. Calculate l(-8).
5
Let a(q